{"id":7,"date":"2015-11-14T10:58:38","date_gmt":"2015-11-14T10:58:38","guid":{"rendered":"https:\/\/antoniocandido.com\/?page_id=7"},"modified":"2019-02-25T17:41:15","modified_gmt":"2019-02-25T20:41:15","slug":"home","status":"publish","type":"page","link":"https:\/\/antoniocandido.com\/","title":{"rendered":"Home"},"content":{"rendered":"<p><div class=\"fusion-fullwidth fullwidth-box fusion-builder-row-1 nonhundred-percent-fullwidth non-hundred-percent-height-scrolling\" style=\"--awb-background-position:left top;--awb-border-radius-top-left:0px;--awb-border-radius-top-right:0px;--awb-border-radius-bottom-right:0px;--awb-border-radius-bottom-left:0px;--awb-padding-top:20px;--awb-padding-bottom:2.5%;--awb-border-sizes-top:0px;--awb-border-sizes-bottom:0px;--awb-flex-wrap:wrap;\" ><div class=\"fusion-builder-row fusion-row\"><div class=\"fusion-layout-column fusion_builder_column fusion-builder-column-0 fusion_builder_column_1_1 1_1 fusion-one-full fusion-column-first fusion-column-last\" style=\"--awb-padding-top:0%;--awb-padding-right:15%;--awb-padding-bottom:0%;--awb-padding-left:15%;--awb-bg-size:cover;\"><div class=\"fusion-column-wrapper fusion-flex-column-wrapper-legacy\"><div class=\"fusion-text fusion-text-1\"><h3 style=\"text-align: center;\">TRANFORMANDO MEM\u00d3RIAS EM RECORDA\u00c7\u00d5ES<\/h3>\n<\/div><div class=\"fusion-text fusion-text-2\"><p style=\"text-align: center;\">\u201cFotografia s\u00e3o momentos que congelam num instante e ent\u00e3o conseguimos guardar. S\u00e3o necess\u00e1rias quando nossa mem\u00f3ria nos \u00e9 vaga e limitada, e h\u00e1 momentos que precisamos manter vivos, e basta um click pra t\u00ea-los pra sempre.\u201d<\/p>\n<\/div><div class=\"fusion-clearfix\"><\/div><\/div><\/div><\/div><\/div><div class=\"fusion-fullwidth fullwidth-box fusion-builder-row-2 hundred-percent-fullwidth non-hundred-percent-height-scrolling\" style=\"--awb-background-position:left top;--awb-border-radius-top-left:0px;--awb-border-radius-top-right:0px;--awb-border-radius-bottom-right:0px;--awb-border-radius-bottom-left:0px;--awb-padding-top:0px;--awb-padding-right:4%;--awb-padding-bottom:100px;--awb-padding-left:4%;--awb-border-sizes-top:0px;--awb-border-sizes-bottom:0px;--awb-flex-wrap:wrap;\" ><div class=\"fusion-builder-row fusion-row\"><div class=\"fusion-layout-column fusion_builder_column fusion-builder-column-1 fusion_builder_column_1_1 1_1 fusion-one-full fusion-column-first fusion-column-last fusion-column-no-min-height\" style=\"--awb-bg-size:cover;--awb-margin-bottom:0px;\"><div class=\"fusion-column-wrapper fusion-flex-column-wrapper-legacy\"><style type=\"text\/css\">.fusion-portfolio-wrapper#fusion-portfolio-1 .fusion-portfolio-content{ padding: 25px 25px 25px 25px; text-align: center; }<\/style><div class=\"fusion-recent-works fusion-portfolio-element fusion-portfolio fusion-portfolio-1 fusion-portfolio-grid fusion-portfolio-paging-none fusion-portfolio-four fusion-portfolio-boxed fusion-portfolio-text fusion-portfolio-rollover\" data-id=\"-rw-1\" data-columns=\"four\"><style type=\"text\/css\">.fusion-portfolio-1 .fusion-portfolio-wrapper .fusion-col-spacing{padding:20px;}<\/style><div class=\"fusion-portfolio-wrapper\" id=\"fusion-portfolio-1\" data-picturesize=\"auto\" data-pages=\"1\" style=\"margin:-20px;\"><article id=\"portfolio-1-post-148\" class=\"fusion-portfolio-post mountain tropical fusion-col-spacing post-148\"><div class=\"fusion-portfolio-content-wrapper\" style=\"border:1px solid #212326;border-bottom-width:3px;background-color:rgba(33,35,38,1);\"><span class=\"vcard rich-snippet-hidden\"><span class=\"fn\"><a href=\"https:\/\/antoniocandido.com\/?author=3480\" title=\"Posts de Ant\u00f4nio C\u00e2ndido\" rel=\"author\">Ant\u00f4nio C\u00e2ndido<\/a><\/span><\/span><span class=\"updated rich-snippet-hidden\">2019-03-07T21:00:50-03:00<\/span><div  class=\"fusion-image-wrapper\" aria-haspopup=\"true\">\n\t\t\t\t<img decoding=\"async\" width=\"1170\" height=\"780\" src=\"https:\/\/antoniocandido.com\/wp-content\/uploads\/2019\/03\/SITE-5.jpg\" class=\"attachment-full size-full wp-post-image\" alt=\"\" srcset=\"https:\/\/antoniocandido.com\/wp-content\/uploads\/2019\/03\/SITE-5-200x133.jpg 200w, https:\/\/antoniocandido.com\/wp-content\/uploads\/2019\/03\/SITE-5-400x267.jpg 400w, https:\/\/antoniocandido.com\/wp-content\/uploads\/2019\/03\/SITE-5-600x400.jpg 600w, https:\/\/antoniocandido.com\/wp-content\/uploads\/2019\/03\/SITE-5-800x533.jpg 800w, https:\/\/antoniocandido.com\/wp-content\/uploads\/2019\/03\/SITE-5.jpg 1170w\" sizes=\"(min-width: 2200px) 100vw, (min-width: 1186px) 263px, (min-width: 1004px) 350px, (min-width: 822px) 525px, (min-width: 640px) 822px, \" \/><div class=\"fusion-rollover\">\n\t<div class=\"fusion-rollover-content\">\n\n\t\t\t\t\n\t\t\n\t\t\t\t\t\t\t\t\t\t\t\t<h4 class=\"fusion-rollover-title\">\n\t\t\t\t\t<a class=\"fusion-rollover-title-link\" href=\"https:\/\/antoniocandido.com\/?avada_portfolio=ivoallef\">\n\t\t\t\t\t\tIVONEIDE + ALLEF\t\t\t\t\t<\/a>\n\t\t\t\t<\/h4>\n\t\t\t\n\t\t\t\t\t\t\t\t\n\t\t\n\t\t\t\t\t\t<a class=\"fusion-link-wrapper\" href=\"https:\/\/antoniocandido.com\/?avada_portfolio=ivoallef\" aria-label=\"IVONEIDE + ALLEF\"><\/a>\n\t<\/div>\n<\/div>\n<\/div>\n<div class=\"fusion-portfolio-content\" style=\"background-color:rgba(33,35,38,1);\"><h2 class=\"entry-title fusion-post-title\"><a href=\"https:\/\/antoniocandido.com\/?avada_portfolio=ivoallef\">IVONEIDE + ALLEF<\/a><\/h2><div class=\"fusion-post-content\"><\/div><\/div><\/div><\/article><article id=\"portfolio-1-post-146\" class=\"fusion-portfolio-post casual fusion-col-spacing post-146\"><div class=\"fusion-portfolio-content-wrapper\" style=\"border:1px solid #212326;border-bottom-width:3px;background-color:rgba(33,35,38,1);\"><span class=\"vcard rich-snippet-hidden\"><span class=\"fn\"><a href=\"https:\/\/antoniocandido.com\/?author=3480\" title=\"Posts de Ant\u00f4nio C\u00e2ndido\" rel=\"author\">Ant\u00f4nio C\u00e2ndido<\/a><\/span><\/span><span class=\"updated rich-snippet-hidden\">2019-03-08T00:45:19-03:00<\/span><div  class=\"fusion-image-wrapper\" aria-haspopup=\"true\">\n\t\t\t\t<img decoding=\"async\" width=\"1170\" height=\"780\" src=\"https:\/\/antoniocandido.com\/wp-content\/uploads\/2015\/11\/subs-32.jpg\" class=\"attachment-full size-full wp-post-image\" alt=\"\" srcset=\"https:\/\/antoniocandido.com\/wp-content\/uploads\/2015\/11\/subs-32-200x133.jpg 200w, https:\/\/antoniocandido.com\/wp-content\/uploads\/2015\/11\/subs-32-400x267.jpg 400w, https:\/\/antoniocandido.com\/wp-content\/uploads\/2015\/11\/subs-32-600x400.jpg 600w, https:\/\/antoniocandido.com\/wp-content\/uploads\/2015\/11\/subs-32-800x533.jpg 800w, https:\/\/antoniocandido.com\/wp-content\/uploads\/2015\/11\/subs-32.jpg 1170w\" sizes=\"(min-width: 2200px) 100vw, (min-width: 1186px) 263px, (min-width: 1004px) 350px, (min-width: 822px) 525px, (min-width: 640px) 822px, \" \/><div class=\"fusion-rollover\">\n\t<div class=\"fusion-rollover-content\">\n\n\t\t\t\t\n\t\t\n\t\t\t\t\t\t\t\t\t\t\t\t<h4 class=\"fusion-rollover-title\">\n\t\t\t\t\t<a class=\"fusion-rollover-title-link\" href=\"https:\/\/antoniocandido.com\/?avada_portfolio=lifestyle\">\n\t\t\t\t\t\tFARINHEIROS\t\t\t\t\t<\/a>\n\t\t\t\t<\/h4>\n\t\t\t\n\t\t\t\t\t\t\t\t\n\t\t\n\t\t\t\t\t\t<a class=\"fusion-link-wrapper\" href=\"https:\/\/antoniocandido.com\/?avada_portfolio=lifestyle\" aria-label=\"FARINHEIROS\"><\/a>\n\t<\/div>\n<\/div>\n<\/div>\n<div class=\"fusion-portfolio-content\" style=\"background-color:rgba(33,35,38,1);\"><h2 class=\"entry-title fusion-post-title\"><a href=\"https:\/\/antoniocandido.com\/?avada_portfolio=lifestyle\">FARINHEIROS<\/a><\/h2><div class=\"fusion-post-content\"><\/div><\/div><\/div><\/article><article id=\"portfolio-1-post-144\" class=\"fusion-portfolio-post mountain safari fusion-col-spacing post-144\"><div class=\"fusion-portfolio-content-wrapper\" style=\"border:1px solid #212326;border-bottom-width:3px;background-color:rgba(33,35,38,1);\"><span class=\"vcard rich-snippet-hidden\"><span class=\"fn\"><a href=\"https:\/\/antoniocandido.com\/?author=3480\" title=\"Posts de Ant\u00f4nio C\u00e2ndido\" rel=\"author\">Ant\u00f4nio C\u00e2ndido<\/a><\/span><\/span><span class=\"updated rich-snippet-hidden\">2019-03-07T21:24:18-03:00<\/span><div  class=\"fusion-image-wrapper\" aria-haspopup=\"true\">\n\t\t\t\t<img decoding=\"async\" width=\"1170\" height=\"780\" src=\"https:\/\/antoniocandido.com\/wp-content\/uploads\/2019\/03\/subs-66.jpg\" class=\"attachment-full size-full wp-post-image\" alt=\"\" srcset=\"https:\/\/antoniocandido.com\/wp-content\/uploads\/2019\/03\/subs-66-200x133.jpg 200w, https:\/\/antoniocandido.com\/wp-content\/uploads\/2019\/03\/subs-66-400x267.jpg 400w, https:\/\/antoniocandido.com\/wp-content\/uploads\/2019\/03\/subs-66-600x400.jpg 600w, https:\/\/antoniocandido.com\/wp-content\/uploads\/2019\/03\/subs-66-800x533.jpg 800w, https:\/\/antoniocandido.com\/wp-content\/uploads\/2019\/03\/subs-66.jpg 1170w\" sizes=\"(min-width: 2200px) 100vw, (min-width: 1186px) 263px, (min-width: 1004px) 350px, (min-width: 822px) 525px, (min-width: 640px) 822px, \" \/><div class=\"fusion-rollover\">\n\t<div class=\"fusion-rollover-content\">\n\n\t\t\t\t\n\t\t\n\t\t\t\t\t\t\t\t\t\t\t\t<h4 class=\"fusion-rollover-title\">\n\t\t\t\t\t<a class=\"fusion-rollover-title-link\" href=\"https:\/\/antoniocandido.com\/?avada_portfolio=abraao\">\n\t\t\t\t\t\tABRA\u00c3O\t\t\t\t\t<\/a>\n\t\t\t\t<\/h4>\n\t\t\t\n\t\t\t\t\t\t\t\t\n\t\t\n\t\t\t\t\t\t<a class=\"fusion-link-wrapper\" href=\"https:\/\/antoniocandido.com\/?avada_portfolio=abraao\" aria-label=\"ABRA\u00c3O\"><\/a>\n\t<\/div>\n<\/div>\n<\/div>\n<div class=\"fusion-portfolio-content\" style=\"background-color:rgba(33,35,38,1);\"><h2 class=\"entry-title fusion-post-title\"><a href=\"https:\/\/antoniocandido.com\/?avada_portfolio=abraao\">ABRA\u00c3O<\/a><\/h2><div class=\"fusion-post-content\"><\/div><\/div><\/div><\/article><article id=\"portfolio-1-post-142\" class=\"fusion-portfolio-post casual culture fusion-col-spacing post-142\"><div class=\"fusion-portfolio-content-wrapper\" style=\"border:1px solid #212326;border-bottom-width:3px;background-color:rgba(33,35,38,1);\"><span class=\"vcard rich-snippet-hidden\"><span class=\"fn\"><a href=\"https:\/\/antoniocandido.com\/?author=3480\" title=\"Posts de Ant\u00f4nio C\u00e2ndido\" rel=\"author\">Ant\u00f4nio C\u00e2ndido<\/a><\/span><\/span><span class=\"updated rich-snippet-hidden\">2021-03-08T17:34:26-03:00<\/span><div  class=\"fusion-image-wrapper\" aria-haspopup=\"true\">\n\t\t\t\t<img decoding=\"async\" width=\"2560\" height=\"1706\" src=\"https:\/\/antoniocandido.com\/wp-content\/uploads\/2015\/11\/ACP07292-scaled.jpg\" class=\"attachment-full size-full wp-post-image\" alt=\"\" srcset=\"https:\/\/antoniocandido.com\/wp-content\/uploads\/2015\/11\/ACP07292-200x133.jpg 200w, https:\/\/antoniocandido.com\/wp-content\/uploads\/2015\/11\/ACP07292-400x267.jpg 400w, https:\/\/antoniocandido.com\/wp-content\/uploads\/2015\/11\/ACP07292-600x400.jpg 600w, https:\/\/antoniocandido.com\/wp-content\/uploads\/2015\/11\/ACP07292-800x533.jpg 800w, https:\/\/antoniocandido.com\/wp-content\/uploads\/2015\/11\/ACP07292-1200x800.jpg 1200w, https:\/\/antoniocandido.com\/wp-content\/uploads\/2015\/11\/ACP07292-scaled.jpg 2560w\" sizes=\"(min-width: 2200px) 100vw, (min-width: 1186px) 263px, (min-width: 1004px) 350px, (min-width: 822px) 525px, (min-width: 640px) 822px, \" \/><div class=\"fusion-rollover\">\n\t<div class=\"fusion-rollover-content\">\n\n\t\t\t\t\n\t\t\n\t\t\t\t\t\t\t\t\t\t\t\t<h4 class=\"fusion-rollover-title\">\n\t\t\t\t\t<a class=\"fusion-rollover-title-link\" href=\"https:\/\/antoniocandido.com\/?avada_portfolio=fashion\">\n\t\t\t\t\t\tOuro Preto &#8211; MG\t\t\t\t\t<\/a>\n\t\t\t\t<\/h4>\n\t\t\t\n\t\t\t\t\t\t\t\t\n\t\t\n\t\t\t\t\t\t<a class=\"fusion-link-wrapper\" href=\"https:\/\/antoniocandido.com\/?avada_portfolio=fashion\" aria-label=\"Ouro Preto &#8211; MG\"><\/a>\n\t<\/div>\n<\/div>\n<\/div>\n<div class=\"fusion-portfolio-content\" style=\"background-color:rgba(33,35,38,1);\"><h2 class=\"entry-title fusion-post-title\"><a href=\"https:\/\/antoniocandido.com\/?avada_portfolio=fashion\">Ouro Preto &#8211; MG<\/a><\/h2><div class=\"fusion-post-content\"><\/div><\/div><\/div><\/article><article id=\"portfolio-1-post-140\" class=\"fusion-portfolio-post buildings cityscape fusion-col-spacing post-140\"><div class=\"fusion-portfolio-content-wrapper\" style=\"border:1px solid #212326;border-bottom-width:3px;background-color:rgba(33,35,38,1);\"><span class=\"vcard rich-snippet-hidden\"><span class=\"fn\"><\/span><\/span><span class=\"updated rich-snippet-hidden\">2016-10-11T12:04:59-03:00<\/span><div  class=\"fusion-image-wrapper\" aria-haspopup=\"true\">\n\t\t\t\t<img decoding=\"async\" width=\"1170\" height=\"739\" src=\"https:\/\/antoniocandido.com\/wp-content\/uploads\/2015\/11\/portfolio-featured-business-compressor.jpg\" class=\"attachment-full size-full wp-post-image\" alt=\"\" srcset=\"https:\/\/antoniocandido.com\/wp-content\/uploads\/2015\/11\/portfolio-featured-business-compressor-200x126.jpg 200w, https:\/\/antoniocandido.com\/wp-content\/uploads\/2015\/11\/portfolio-featured-business-compressor-400x253.jpg 400w, https:\/\/antoniocandido.com\/wp-content\/uploads\/2015\/11\/portfolio-featured-business-compressor-600x379.jpg 600w, https:\/\/antoniocandido.com\/wp-content\/uploads\/2015\/11\/portfolio-featured-business-compressor-800x505.jpg 800w, https:\/\/antoniocandido.com\/wp-content\/uploads\/2015\/11\/portfolio-featured-business-compressor.jpg 1170w\" sizes=\"(min-width: 2200px) 100vw, (min-width: 1186px) 263px, (min-width: 1004px) 350px, (min-width: 822px) 525px, (min-width: 640px) 822px, \" \/><div class=\"fusion-rollover\">\n\t<div class=\"fusion-rollover-content\">\n\n\t\t\t\t\n\t\t\n\t\t\t\t\t\t\t\t\t\t\t\t<h4 class=\"fusion-rollover-title\">\n\t\t\t\t\t<a class=\"fusion-rollover-title-link\" href=\"https:\/\/antoniocandido.com\/?avada_portfolio=business\">\n\t\t\t\t\t\tBUSINESS\t\t\t\t\t<\/a>\n\t\t\t\t<\/h4>\n\t\t\t\n\t\t\t\t\t\t\t\t\n\t\t\n\t\t\t\t\t\t<a class=\"fusion-link-wrapper\" href=\"https:\/\/antoniocandido.com\/?avada_portfolio=business\" aria-label=\"BUSINESS\"><\/a>\n\t<\/div>\n<\/div>\n<\/div>\n<div class=\"fusion-portfolio-content\" style=\"background-color:rgba(33,35,38,1);\"><h2 class=\"entry-title fusion-post-title\"><a href=\"https:\/\/antoniocandido.com\/?avada_portfolio=business\">BUSINESS<\/a><\/h2><div class=\"fusion-post-content\"><\/div><\/div><\/div><\/article><article id=\"portfolio-1-post-138\" class=\"fusion-portfolio-post buildings cityscape fusion-col-spacing post-138\"><div class=\"fusion-portfolio-content-wrapper\" style=\"border:1px solid #212326;border-bottom-width:3px;background-color:rgba(33,35,38,1);\"><span class=\"vcard rich-snippet-hidden\"><span class=\"fn\"><\/span><\/span><span class=\"updated rich-snippet-hidden\">2016-10-11T11:59:37-03:00<\/span><div  class=\"fusion-image-wrapper\" aria-haspopup=\"true\">\n\t\t\t\t<img decoding=\"async\" width=\"1170\" height=\"739\" src=\"https:\/\/antoniocandido.com\/wp-content\/uploads\/2015\/11\/portfolio-featured-architecture-compressor-1.jpg\" class=\"attachment-full size-full wp-post-image\" alt=\"\" srcset=\"https:\/\/antoniocandido.com\/wp-content\/uploads\/2015\/11\/portfolio-featured-architecture-compressor-1-200x126.jpg 200w, https:\/\/antoniocandido.com\/wp-content\/uploads\/2015\/11\/portfolio-featured-architecture-compressor-1-400x253.jpg 400w, https:\/\/antoniocandido.com\/wp-content\/uploads\/2015\/11\/portfolio-featured-architecture-compressor-1-600x379.jpg 600w, https:\/\/antoniocandido.com\/wp-content\/uploads\/2015\/11\/portfolio-featured-architecture-compressor-1-800x505.jpg 800w, https:\/\/antoniocandido.com\/wp-content\/uploads\/2015\/11\/portfolio-featured-architecture-compressor-1.jpg 1170w\" sizes=\"(min-width: 2200px) 100vw, (min-width: 1186px) 263px, (min-width: 1004px) 350px, (min-width: 822px) 525px, (min-width: 640px) 822px, \" \/><div class=\"fusion-rollover\">\n\t<div class=\"fusion-rollover-content\">\n\n\t\t\t\t\n\t\t\n\t\t\t\t\t\t\t\t\t\t\t\t<h4 class=\"fusion-rollover-title\">\n\t\t\t\t\t<a class=\"fusion-rollover-title-link\" href=\"https:\/\/antoniocandido.com\/?avada_portfolio=buildings\">\n\t\t\t\t\t\tBUILDINGS\t\t\t\t\t<\/a>\n\t\t\t\t<\/h4>\n\t\t\t\n\t\t\t\t\t\t\t\t\n\t\t\n\t\t\t\t\t\t<a class=\"fusion-link-wrapper\" href=\"https:\/\/antoniocandido.com\/?avada_portfolio=buildings\" aria-label=\"BUILDINGS\"><\/a>\n\t<\/div>\n<\/div>\n<\/div>\n<div class=\"fusion-portfolio-content\" style=\"background-color:rgba(33,35,38,1);\"><h2 class=\"entry-title fusion-post-title\"><a href=\"https:\/\/antoniocandido.com\/?avada_portfolio=buildings\">BUILDINGS<\/a><\/h2><div class=\"fusion-post-content\"><\/div><\/div><\/div><\/article><article id=\"portfolio-1-post-136\" class=\"fusion-portfolio-post culture fusion-col-spacing post-136\"><div class=\"fusion-portfolio-content-wrapper\" style=\"border:1px solid #212326;border-bottom-width:3px;background-color:rgba(33,35,38,1);\"><span class=\"vcard rich-snippet-hidden\"><span class=\"fn\"><\/span><\/span><span class=\"updated rich-snippet-hidden\">2016-10-11T11:59:52-03:00<\/span><div  class=\"fusion-image-wrapper\" aria-haspopup=\"true\">\n\t\t\t\t<img decoding=\"async\" width=\"1170\" height=\"739\" src=\"https:\/\/antoniocandido.com\/wp-content\/uploads\/2015\/11\/portfolio-featured-people-compressor.jpg\" class=\"attachment-full size-full wp-post-image\" alt=\"\" srcset=\"https:\/\/antoniocandido.com\/wp-content\/uploads\/2015\/11\/portfolio-featured-people-compressor-200x126.jpg 200w, https:\/\/antoniocandido.com\/wp-content\/uploads\/2015\/11\/portfolio-featured-people-compressor-400x253.jpg 400w, https:\/\/antoniocandido.com\/wp-content\/uploads\/2015\/11\/portfolio-featured-people-compressor-600x379.jpg 600w, https:\/\/antoniocandido.com\/wp-content\/uploads\/2015\/11\/portfolio-featured-people-compressor-800x505.jpg 800w, https:\/\/antoniocandido.com\/wp-content\/uploads\/2015\/11\/portfolio-featured-people-compressor.jpg 1170w\" sizes=\"(min-width: 2200px) 100vw, (min-width: 1186px) 263px, (min-width: 1004px) 350px, (min-width: 822px) 525px, (min-width: 640px) 822px, \" \/><div class=\"fusion-rollover\">\n\t<div class=\"fusion-rollover-content\">\n\n\t\t\t\t\n\t\t\n\t\t\t\t\t\t\t\t\t\t\t\t<h4 class=\"fusion-rollover-title\">\n\t\t\t\t\t<a class=\"fusion-rollover-title-link\" href=\"https:\/\/antoniocandido.com\/?avada_portfolio=people\">\n\t\t\t\t\t\tPEOPLE\t\t\t\t\t<\/a>\n\t\t\t\t<\/h4>\n\t\t\t\n\t\t\t\t\t\t\t\t\n\t\t\n\t\t\t\t\t\t<a class=\"fusion-link-wrapper\" href=\"https:\/\/antoniocandido.com\/?avada_portfolio=people\" aria-label=\"PEOPLE\"><\/a>\n\t<\/div>\n<\/div>\n<\/div>\n<div class=\"fusion-portfolio-content\" style=\"background-color:rgba(33,35,38,1);\"><h2 class=\"entry-title fusion-post-title\"><a href=\"https:\/\/antoniocandido.com\/?avada_portfolio=people\">PEOPLE<\/a><\/h2><div class=\"fusion-post-content\"><\/div><\/div><\/div><\/article><article id=\"portfolio-1-post-133\" class=\"fusion-portfolio-post safari tropical fusion-col-spacing post-133\"><div class=\"fusion-portfolio-content-wrapper\" style=\"border:1px solid #212326;border-bottom-width:3px;background-color:rgba(33,35,38,1);\"><span class=\"vcard rich-snippet-hidden\"><span class=\"fn\"><\/span><\/span><span class=\"updated rich-snippet-hidden\">2016-10-11T12:00:42-03:00<\/span><div  class=\"fusion-image-wrapper\" aria-haspopup=\"true\">\n\t\t\t\t<img decoding=\"async\" width=\"1170\" height=\"739\" src=\"https:\/\/antoniocandido.com\/wp-content\/uploads\/2015\/11\/portfolio-featured-wildlife-compressor-1.jpg\" class=\"attachment-full size-full wp-post-image\" alt=\"\" srcset=\"https:\/\/antoniocandido.com\/wp-content\/uploads\/2015\/11\/portfolio-featured-wildlife-compressor-1-200x126.jpg 200w, https:\/\/antoniocandido.com\/wp-content\/uploads\/2015\/11\/portfolio-featured-wildlife-compressor-1-400x253.jpg 400w, https:\/\/antoniocandido.com\/wp-content\/uploads\/2015\/11\/portfolio-featured-wildlife-compressor-1-600x379.jpg 600w, https:\/\/antoniocandido.com\/wp-content\/uploads\/2015\/11\/portfolio-featured-wildlife-compressor-1-800x505.jpg 800w, https:\/\/antoniocandido.com\/wp-content\/uploads\/2015\/11\/portfolio-featured-wildlife-compressor-1.jpg 1170w\" sizes=\"(min-width: 2200px) 100vw, (min-width: 1186px) 263px, (min-width: 1004px) 350px, (min-width: 822px) 525px, (min-width: 640px) 822px, \" \/><div class=\"fusion-rollover\">\n\t<div class=\"fusion-rollover-content\">\n\n\t\t\t\t\n\t\t\n\t\t\t\t\t\t\t\t\t\t\t\t<h4 class=\"fusion-rollover-title\">\n\t\t\t\t\t<a class=\"fusion-rollover-title-link\" href=\"https:\/\/antoniocandido.com\/?avada_portfolio=wildlife\">\n\t\t\t\t\t\tWILDLIFE\t\t\t\t\t<\/a>\n\t\t\t\t<\/h4>\n\t\t\t\n\t\t\t\t\t\t\t\t\n\t\t\n\t\t\t\t\t\t<a class=\"fusion-link-wrapper\" href=\"https:\/\/antoniocandido.com\/?avada_portfolio=wildlife\" aria-label=\"WILDLIFE\"><\/a>\n\t<\/div>\n<\/div>\n<\/div>\n<div class=\"fusion-portfolio-content\" style=\"background-color:rgba(33,35,38,1);\"><h2 class=\"entry-title fusion-post-title\"><a href=\"https:\/\/antoniocandido.com\/?avada_portfolio=wildlife\">WILDLIFE<\/a><\/h2><div class=\"fusion-post-content\"><\/div><\/div><\/div><\/article><\/div><\/div><div class=\"fusion-clearfix\"><\/div><\/div><\/div><\/div><\/div><\/p>\n","protected":false},"excerpt":{"rendered":"","protected":false},"author":3480,"featured_media":0,"parent":0,"menu_order":0,"comment_status":"closed","ping_status":"closed","template":"100-width.php","meta":{"footnotes":""},"class_list":["post-7","page","type-page","status-publish","hentry"],"_links":{"self":[{"href":"https:\/\/antoniocandido.com\/index.php?rest_route=\/wp\/v2\/pages\/7","targetHints":{"allow":["GET"]}}],"collection":[{"href":"https:\/\/antoniocandido.com\/index.php?rest_route=\/wp\/v2\/pages"}],"about":[{"href":"https:\/\/antoniocandido.com\/index.php?rest_route=\/wp\/v2\/types\/page"}],"author":[{"embeddable":true,"href":"https:\/\/antoniocandido.com\/index.php?rest_route=\/wp\/v2\/users\/3480"}],"replies":[{"embeddable":true,"href":"https:\/\/antoniocandido.com\/index.php?rest_route=%2Fwp%2Fv2%2Fcomments&post=7"}],"version-history":[{"count":2,"href":"https:\/\/antoniocandido.com\/index.php?rest_route=\/wp\/v2\/pages\/7\/revisions"}],"predecessor-version":[{"id":1065,"href":"https:\/\/antoniocandido.com\/index.php?rest_route=\/wp\/v2\/pages\/7\/revisions\/1065"}],"wp:attachment":[{"href":"https:\/\/antoniocandido.com\/index.php?rest_route=%2Fwp%2Fv2%2Fmedia&parent=7"}],"curies":[{"name":"wp","href":"https:\/\/api.w.org\/{rel}","templated":true}]}}